1 a prime number?
True
Is 39581352527 composite?
False
Is 2942983997 composite?
True
Is 54680815951 a prime number?
True
Is 41406511 a composite number?
True
Is 128985581 prime?
True
Is 246819574 composite?
True
Is 23816180267 prime?
False
Is 10967703209 a prime number?
True
Is 10165637423 a prime number?
True
Is 1042173583 composite?
True
Is 5199370673 a composite number?
True
Is 8652200561 composite?
True
Is 731164561 a composite number?
True
Is 97148074409 prime?
True
Is 6577440899 a composite number?
False
Is 35561703109 composite?
True
Is 180950194511 composite?
False
Is 637213487 a prime number?
False
Is 106740455333 a composite number?
True
Is 2514157189 prime?
True
Is 5614357813 a prime number?
False
Is 2679397827 prime?
False
Is 33335794285 a composite number?
True
Is 158086759 prime?
True
Is 10620437837 a composite number?
False
Is 122021041 composite?
False
Is 612479249 a composite number?
False
Is 1902014537 a prime number?
False
Is 1618250707 a prime number?
False
Is 5566392281 prime?
True
Is 175647154769 a composite number?
True
Is 48369949051 a prime number?
True
Is 1755662297 a composite number?
True
Is 780388447 prime?
True
Is 1479226087 composite?
True
Is 3800401531 composite?
True
Is 49160569 composite?
False
Is 15280652795 prime?
False
Is 995336197 a composite number?
True
Is 418685987 a prime number?
False
Is 2979922301 a prime number?
True
Is 5603688109 composite?
False
Is 78532819097 a composite number?
True
Is 791657969 a composite number?
False
Is 776821559 a prime number?
True
Is 4426063 a composite number?
True
Is 5982609161 a prime number?
False
Is 242731310446 composite?
True
Is 114685469 prime?
False
Is 1295118689 a prime number?
True
Is 68618013091 prime?
False
Is 19768635131 prime?
False
Is 2627137403 a composite number?
True
Is 84989665031 a composite number?
True
Is 933535 a composite number?
True
Is 64653208639 prime?
False
Is 81518738183 prime?
True
Is 3291259549 prime?
True
Is 152968001 a composite number?
False
Is 663383141 prime?
True
Is 839026421 a prime number?
False
Is 61036692133 composite?
False
Is 104137084351 composite?
True
Is 3569004717 a prime number?
False
Is 124143419833 prime?
True
Is 4349907611 a composite number?
True
Is 8544873719 a composite number?
False
Is 138022147 a composite number?
True
Is 769883966 composite?
True
Is 102369231499 a prime number?
True
Is 65544862061 a prime number?
False
Is 4656751223 prime?
True
Is 1312976239 a prime number?
False
Is 300175733729 composite?
False
Is 8953957211 a composite number?
True
Is 123641109589 composite?
False
Is 35469716753 composite?
True
Is 746395277 a prime number?
False
Is 147274843 composite?
False
Is 2977032337 a prime number?
True
Is 4832701553 composite?
False
Is 626057841 a prime number?
False
Is 693233551 composite?
False
Is 1744045179 composite?
True
Is 15530997643 composite?
True
Is 3843275491 prime?
False
Is 1131519973 a prime number?
False
Is 2540753329 prime?
True
Is 2826496313 a composite number?
True
Is 10994656069 prime?
True
Is 4263831719 composite?
True
Is 9097662697 composite?
False
Is 17967503 prime?
False
Is 499645213 a composite number?
False
Is 27237060437 a prime number?
False
Is 18599736247 a composite number?
True
Is 2059357603 prime?
False
Is 33949868779 a composite number?
False
Is 3554842321 prime?
False
Is 56378522171 composite?
False
Is 127880140939 composite?
False
Is 158539847347 a prime number?
False
Is 12735383081 prime?
False
Is 12392543827 a composite number?
False
Is 252156293 composite?
False
Is 27707486977 prime?
True
Is 108205039331 prime?
True
Is 3560640277 a composite number?
True
Is 2169155117 a prime number?
False
Is 1324815159 a prime number?
False
Is 38220330623 composite?
False
Is 706278449 a prime number?
False
Is 587166803 prime?
True
Is 19002038401 composite?
True
Is 14103752083 a composite number?
True
Is 919164437 composite?
False
Is 54326953 a composite number?
False
Is 6398197307 composite?
False
Is 7652144369 prime?
False
Is 22920468359 prime?
False
Is 2520898147 a composite number?
False
Is 5243072411 a prime number?
True
Is 25345916969 composite?
True
Is 2289616222 prime?
False
Is 10793996803 a prime number?
True
Is 36701794 composite?
True
Is 40445271817 a prime number?
False
Is 601559027 a composite number?
False
Is 734793547 composite?
False
Is 2830525307 prime?
True
Is 12492432013 prime?
True
Is 1567089527 composite?
True
Is 983308603 composite?
False
Is 745393861 prime?
False
Is 50138588193 prime?
False
Is 15814590257 a prime number?
False
Is 30094130557 composite?
True
Is 29837979251 a composite number?
True
Is 17198872199 composite?
True
Is 2917916717 a prime number?
False
Is 20065597231 a prime number?
False
Is 95712119 a composite number?
True
Is 412600927 a composite number?
True
Is 22102183379 prime?
False
Is 80243951 a prime number?
True
Is 1392446129 a composite number?
False
Is 3255691487 composite?
False
Is 13866933163 a prime number?
True
Is 1791126809 composite?
True
Is 73104476183 prime?
False
Is 257718677 composite?
False
Is 441466199 a composite number?
False
Is 46574952799 composite?
False
Is 16445581759 a prime number?
False
Is 20926913591 composite?
False
Is 2049513649 a composite number?
True
Is 3603037601 prime?
True
Is 28460918917 composite?
True
Is 1545232121 a prime number?
True
Is 7520235289 prime?
False
Is 60305009719 a prime number?
True
Is 1540313329 composite?
False
Is 1558552871 a composite number?
False
Is 10352592037 prime?
True
Is 22837603 prime?
True
Is 24470773469 composite?
False
Is 86661995359 a composite number?
False
Is 1931244839 a composite number?
False
Is 3572059567 a composite number?
True
Is 6934669817 prime?
True
Is 1719131081 a composite number?
False
Is 709720951 a composite number?
False
Is 28892657681 a composite number?
True
Is 404983279 composite?
True
Is 3007075681 a prime number?
False
Is 10326077719 prime?
True
Is 680079809 composite?
False
Is 1392947903 a prime number?
True
Is 1977363727 composite?
True
Is 41953370881 composite?
True
Is 126872635135 a prime number?
False
Is 5125952371 a prime number?
False
Is 191985707 a prime number?
False
Is 57469517051 prime?
False
Is 44276034389 a prime number?
False
Is 7660735987 a prime number?
True
Is 2814662723 prime?
False
Is 68728497011 a composite number?
False
Is 13199126951 a prime number?
True
Is 6601426243 prime?
True
Is 6023082071 a prime number?
True
Is 1510722857 a composite number?
True
Is 4667976809 prime?
False
Is 80393340847 a prime number?
False
Is 20334084481 composite?
True
Is 179575661 a prime number?
False
Is 958043153 a prime number?
False
Is 97756415151 a prime number?
False
Is 2071028173 prime?
True
Is 1041155351 prime?
False
Is 86133959 composite?
False
Is 191579893 prime?
False
Is 149483905 composite?
True
Is 15786758027 composite?
True
Is 34743241357 composite?
True
Is 6258538642 prime?
False
Is 33503789497 a prime number?
False
Is 618326831 composite?
False
Is 26232905 a prime number?
False
Is 9448278799 prime?
True
Is 7083353183 prime?
True
Is 972658693 a prime number?
True
Is 2477569267 composite?
True
Is 13450284047 composite?
False
Is 3409760867 a prime number?
False
Is 44423218947 a composite number?
True
Is 97140498097 prime?
False
Is 135812077669 prime?
False
Is 8380817801 a composite number?
False
Is 39651472271 a composite number?
False
Is 342238709 a composite number?
True
Is 3270806258 a composite number?
True
Is 9573707861 composite?
False
Is 4129785047 prime?
True
Is 5858135039 composite?
True
Is 94927927541 a prime number?
False
Is 799375141 a prime number?
True
Is 8129169913 a composite number?
True
Is 36378577 prime?
True
Is 156049909 composite?
False
Is 3815301839 a composite number?
True
Is 15161128927 prime?
False
Is 881587519 a composite number?
True
Is 27535958678 a prime number?
False
Is 1651136802203 prime?
False
Is 129786071 prime?
True
Is 733710881 a composite number?
False
Is 43007660219 composite?
True
Is 4631948709 a prime number?
False
Is 22847458399 a composite number?
False
Is 25674192151 a prime number?
True
Is 14763535289 a prime number?
True
Is 3282280187 a composite number?
False
Is 244466927 composite?
False
Is 2846686729 a composite number?
True
Is 1809266717 composite?
False
Is 94107201889 composite?
True
Is 49041